399. What is the highest common factor of 372 and h?
12
Suppose 0 = -126*f + 162437 - 57605. What is the highest common divisor of f and 650?
26
Let q be 8 - (3 + -13)/(-2). Suppose u - 20 = -3*y, 7 = 3*y - q*u - 5. Calculate the highest common factor of y and 9.
3
Suppose -13*u + g + 55 = -8*u, -u = -5*g + 13. Let l = 441 + -57. Calculate the greatest common divisor of l and u.
12
Suppose 2*i = 3*i + 11. Let f(d) = 2*d**3 + 9*d**2 + 8*d - 4. Let g be f(-4). Let l = i - g. What is the greatest common factor of 9 and l?
9
Suppose 12620 = 20*v - 6840. Calculate the greatest common factor of 1112 and v.
139
Let m be ((-1)/(-4))/(1/4). Let o be m/(1*(-2)/(-154)). Suppose -999*s + 3010 + 3100 = 1452*s - 11047. Calculate the greatest common factor of s and o.
7
Let j(a) = -a**2 + 42*a - 168. Let l be j(33). What is the greatest common factor of 4042 and l?
43
Let f = -231 - -348. Let l = 2341 + -2315. Calculate the greatest common divisor of f and l.
13
Suppose 3*j - 50*o + 66 = -52*o, -j - 4*o = 12. Let i be 0 + (-5*1 - 2520/j). What is the highest common divisor of 250 and i?
50
Let a = 52 - 47. Let f be 36/15 + (-2)/a. Suppose 5*c = -3*d - f*d + 55, 2*c + 3*d - 27 = 0. Calculate the highest common factor of 6 and c.
6
Let p be -3 + (1 - 1) + -30 + -3. Let t be (-156)/(-21) - p/63. What is the highest common factor of t and 248?
8
Suppose -3 = -3*j, 5*j + 1 = -2*w + 10. Suppose -4*f + w*f + 13 = -3*q, 2*q = 5*f - 16. What is the highest common factor of 44 and f?
2
Let v(h) = -2*h**3 - 26*h**2 + 37*h + 31. Let j be v(-15). Let s = j - 337. What is the greatest common factor of s and 221?
13
Let t(g) = -g**3 + 16*g**2 + 3*g + 22. Let b(o) = -6*o - 14. Let w be b(-5). Let f be t(w). What is the highest common divisor of f and 30?
10
Let a = 1 - 5. Let n be (((-35)/a)/7)/(3/12). Suppose 0 = z - 5 - n. What is the highest common factor of 30 and z?
10
Let v(a) = -a**2 - 25*a - 147. Let n be v(-15). Suppose -5*h + x = -617, -n*x + 146 - 29 = h. Calculate the highest common factor of h and 3.
3
Let w be (-12 + 90/10)/((-1)/167). Let i = w - 500. Suppose p - 3*b + 0*b - 13 = 0, -5*p + 4*b = -21. What is the greatest common divisor of p and i?
1
Let v be (-195)/(1 + 4) - -3. Let q be (-440)/v - (-1 - 11/(-9)). Let l(c) = -4*c + 16. Let z be l(-5). Calculate the highest common factor of z and q.
12
Suppose 2 + 14 = 3*h - 2*o, -h - 4*o = -10. Let s be 675/(-25)*(-26)/h. What is the highest common divisor of s and 9?
9
Let t be (-7)/(462/(-44))*(671 + 1). Suppose 3 = 3*g - 39. Calculate the greatest common factor of t and g.
14
Let v(x) = 8*x**2 + 25*x - 101. Let f(z) = -2*z**2 + 15*z + 32. Let w be f(9). Let y be v(w). What is the greatest common divisor of y and 14?
14
Let c = 615 - 611. Suppose 0 = c*a - 517 + 17. Calculate the greatest common factor of 200 and a.
25
Let x be ((-3)/4)/(2/(-104)). Let n(p) = p**3 + 15*p**2 + 18*p + 26. Let l be n(-13). What is the highest common factor of x and l?
13
Let p(s) = -s**2 - 8*s - 9. Let m be p(-6). Let h be (0 - 1)*(-3 + m). Let q be 2 - (h + -47*2). Calculate the highest common divisor of 12 and q.
12
Let u(w) = 26*w - 51. Let f be u(10). Let v be (-24)/12*-19*2/4. Calculate the highest common factor of v and f.
19
Let p be (12/16)/(1/28). Let j be ((-2)/(-3))/((-7)/(-21)). Suppose -2*n = -j*m - 344, 0 = 4*n + 3*m - m - 664. What is the greatest common factor of p and n?
21
Let m(j) = 5*j**2 - 40*j + 20. Let v be m(8). What is the highest common divisor of 800 and v?
20
Let p(a) = a**3 - 2*a**2 + 7*a - 1. Let d = 29 + -26. Let r be p(d). Suppose r = -4*n + 197. What is the highest common divisor of n and 12?
6
Let t(o) = o**3 + 7*o**2 - 202*o - 52. Let w be t(-18). What is the greatest common factor of 16 and w?
4
Suppose 455*l - 11895 = 450*l. Calculate the highest common divisor of l and 183.
183
Let a = -445 + 283. Let z = a + 164. Calculate the greatest common factor of z and 5.
1
Let v be 2/(7/3 - 2). Let f be 99 + 2 - (v + -2 + -3). Calculate the greatest common divisor of f and 40.
20
Let i = -2504 - -2786. What is the highest common divisor of i and 376?
94
Let r = 141 - 145. Let i = r + 12. Calculate the highest common divisor of i and 24.
8
Suppose p = -5*x + 472, 35*p = 36*p - 2*x - 479. Calculate the highest common factor of p and 424.
53
Let g(d) = 2*d**2 - 4. Let x be g(5). Let t(b) = 5*b**2 - 77*b - 776. Let v be t(-9). Calculate the greatest common divisor of x and v.
46
Let w = -3409 - -4030. Let p = -85 + 154. What is the greatest common divisor of p and w?
69
Let c be (-2)/(-9) + 265352/18 - 96/12. Calculate the highest common divisor of 106 and c.
106
Suppose 0 = 4*u + 4, -2*c = 3*c - 4*u - 214. Suppose 2*b - 2 = c. What is the highest common divisor of b and 55?
11
Suppose 99353 + 775045 = 58*l - 379562. Calculate the highest common divisor of 20 and l.
20
Let f(i) = -2*i**2 - 11*i. Let r be f(-7). Let v be ((-7)/r)/(5/90). What is the highest common divisor of 48 and v?
6
Let y(c) = -107*c + 1207. Let v be y(0). Calculate the highest common divisor of 187 and v.
17
Let q = 7815 - 7656. What is the highest common divisor of q and 371?
53
Let n be ((-200)/(-3))/((-2)/(-6)). Let o be 2/(-6)*25/(150/(-108)). Let h be 68/51 + 112/o. Calculate the greatest common divisor of n and h.
20
Let g = 34 + -34. Suppose 4*f - 253 = 5*q, g*f - 2*q + 47 = f. Let a = -45 + f. Calculate the greatest common factor of a and 3.
3
Let v(z) = -z**3 + 23*z**2 - 2*z + 54. Let k be v(23). Let x(m) = m**3 - 8*m**2 + 10. Let q be x(k). What is the highest common factor of q and 150?
10
Let w = -5049 + 7473. Calculate the highest common factor of 6262 and w.
202
Let f = -24 - -16. Let s be (161/(-21) - f)/(2/54). Calculate the highest common divisor of s and 171.
9
Let k be (-2)/(-4)*(-96)/(-108)*9. Suppose 8*g = o + 3*g - 5, k*g - 68 = -4*o. Calculate the highest common divisor of 50 and o.
5
Suppose y - 4*y + 2*v + 78 = 0, -2*v - 6 = 0. Let t = 1424 + -1414. Suppose -6*s + t*s - y = 0. Calculate the highest common divisor of 30 and s.
6
Let z be (-15)/(4 - 49)*366. Calculate the greatest common factor of z and 4514.
122
Suppose 5*h = 6*h - 114. Let m be 6/(-141) + 1550682/10199. Calculate the greatest common divisor of m and h.
38
Suppose 304590 = 5*r + 10*r + 18*r. What is the greatest common divisor of r and 65?
65
Let i(m) = m**3 + 25*m**2 + 36*m - 577. Let j be i(-20). What is the highest common divisor of j and 74?
37
Let n be 2 + 1550 + 3 + (118 - 105). What is the greatest common factor of n and 364?
28
Suppose 30*w + 45*w - 252000 = 0. What is the greatest common factor of 32 and w?
32
Let f(c) = -c**3 - 2*c**2 - 2*c + 1. Let l be f(-1). Calculate the highest common factor of 554 and l.
2
Suppose -5*p + 2*k + 274 = 0, -39 + 165 = 3*p - 6*k. Calculate the highest common factor of 21286 and p.
58
Suppose 55 = 7*c + 4*c. Let b = 616 - 581. What is the greatest common factor of c and b?
5
Let u(g) = -g**3 - 6*g**2 + g + 7. Let x be u(-6). Let f be x*(-12)/(-8)*(1 + 209). Suppose -6*b + b + f = 0. What is the greatest common divisor of 9 and b?
9
Let b(m) = 2*m**3 - 38*m**2 + 47*m - 879. Let g be b(29). Calculate the highest common divisor of g and 21.
21
Let c be 1060/3445 + 1006/26. Calculate the highest common factor of 2366 and c.
13
Let h(t) = 3*t + 54. Let i be h(-17). Suppose a - 144 = -3*x, 2*x - 540 = -4*a - x. Suppose -a = -i*w + 309. What is the greatest common factor of 98 and w?
49
Let v(j) = 224*j - 1056. Let p be v(5). What is the greatest common divisor of p and 14400?
64
Suppose -2*p - 2*z + 3*z = -211, 437 = 4*p + 3*z. Let i = p + -107. Suppose 10*a - 12*a + 224 = i. Calculate the highest common divisor of 168 and a.
56
Let x(j) = -j**2 + 64*j - 553. Let n be x(22). Calculate the greatest common factor of 21 and n.
7
Let k = -45 + 45. Suppose -5*f = 5*s + 60, -3*s + 0*s + 6 = k. Let m be -2 + 0 + 1 - (f + 2). What is the highest common divisor of 22 and m?
11
Suppose -3*n - 3*q + 117 = 0, -589*n + 4*q = -592*n + 121. What is the highest common divisor of n and 119?
7
Let r = -40 - -73. Let m = -53 - 6. Let f = m + 290. What is the greatest common divisor of f and r?
33
Let v be ((-62)/(-5))/(10/3100). Calculate the greatest common divisor of 4 and v.
4
Let c be 3/((1/2)/((-17)/(-34))). Supp